
Let u(x) = x**3 + 20*x**2 + 6*x - 14. What are the prime factors of u(-19)?
233
Let w = 73 + -70. Suppose 20 = 5*n - 0*n. Suppose 2*y + 2*r - 2 = 0, -w*y - 5*r - n = -y. List the prime factors of y.
3
Let o = 363 + -56. Let b = o + -189. Suppose -2*f - 48 = -b. List the prime factors of f.
5, 7
Suppose 121 = -4*q - 115. Let m = q - -113. List the prime factors of m.
2, 3
Let u(n) = -3*n**2 - 3. Let d be u(-3). Let o be -1*(4 - (d - 1)). Let i = o + 61. List the prime factors of i.
2, 13
Let j(r) = 24*r - 14*r + 9 - 13*r. What are the prime factors of j(-11)?
2, 3, 7
Suppose -3 + 6 = n. Suppose -n*i = -2*i - 23. Suppose -3*f + 64 = -i. What are the prime factors of f?
29
Suppose 4*x - 1 = -3*g + 16, 5*x = 5*g - 5. Suppose x*z + 520 = 5*j - 0*z, 0 = 3*z - 15. What are the prime factors of j?
2, 53
Suppose -24*o = -35951 - 4681. List the prime factors of o.
1693
Let u(j) = 2*j**2 + 3*j + 1. Let v be u(-3). Let f be 12/10*v/3. Suppose f*y - 39 = 45. List the prime factors of y.
3, 7
Let b = 57 - 41. Suppose 0*i = -k + i + 20, -5*i = -k + b. List the prime factors of k.
3, 7
Let j be (0 - -1)/((-4)/(-16)). Suppose j*l - 395 = -l. List the prime factors of l.
79
Let u(r) = -r**3 + 6*r**2 - 5*r + 4. Let s = 10 - 3. Suppose 0 = 3*c - 2*i - 7, i - 1 + s = 2*c. List the prime factors of u(c).
2
Suppose 0 = -38*z + 35*z + 198. Let c = 96 - z. What are the prime factors of c?
2, 3, 5
Let m = 17 - -1059. List the prime factors of m.
2, 269
Let u = -25 - -27. Suppose -72 = -2*g + 2*z, 12 = 3*g - u*z - 92. What are the prime factors of g?
2
Let i(o) = 354*o**3 - 6*o**2 + 16*o - 5. List the prime factors of i(2).
3, 5, 7
Let l(a) = 6*a**2 + a + 3. Let v be l(3). Let m be 0*(-2)/6 + v. Suppose -m = -2*t - 2*t. What are the prime factors of t?
3, 5
Let r(x) = -x + 64. Let i be r(0). List the prime factors of ((-174)/(-8))/(24/i).
2, 29
Suppose -3*s - 4 = -10. Let z be s/6 + 1/(-3). Suppose z = 3*y + 5 - 20. List the prime factors of y.
5
List the prime factors of (-8319)/(-12) + 9/(-36).
3, 7, 11
Let n be 25 + 7/((-7)/4). Let b = 23 - n. Let r(i) = 5*i**3 + 4*i - 3. List the prime factors of r(b).
3, 5
Suppose -21 = -b - 2*b + g, -3*g = -2*b + 14. Suppose -3 = b*a - 4*a. List the prime factors of 18 + 4/4 + a.
2, 3
Let u(f) be the third derivative of f**6/720 + 13*f**5/40 - 5*f**4/24 + f**2. Let d(m) be the second derivative of u(m). List the prime factors of d(0).
3, 13
Suppose 3294 = 207*j - 204*j. What are the prime factors of j?
2, 3, 61
Let t = -511 + 1192. List the prime factors of t.
3, 227
Let y(j) = 3*j**2 + 2*j + 2. Let c(o) = 4*o**2 + 3*o + 3. Let r be (-5)/2*(-8)/5. Let i(p) = r*c(p) - 5*y(p). What are the prime factors of i(-5)?
17
Let j be 4 - (-4)/(24/282). Let g(z) = -10*z - 4. Let x be g(3). Let k = j + x. List the prime factors of k.
17
Suppose -15*b = -5415 - 10530. List the prime factors of b.
1063
Suppose 4*f + 27 - 3 = 0. List the prime factors of f/9*-39 + -1.
5
Let q(t) = -t**2 + 10*t - 6. Let c be q(9). Suppose 4*k = -20, -2*z + 188 = -c*k - 141. What are the prime factors of z?
157
Suppose 0*v + 2*v - 2 = 0, -5*n = 2*v - 1362. Let q = n + 124. List the prime factors of (-7)/(-1)*q/77.
2, 3
Suppose 3263 - 575 = 6*b. What are the prime factors of b?
2, 7
Let i(m) = 2*m + 1. Let u(t) = 3*t - 7. Let c(h) = -4*i(h) + 4*u(h). What are the prime factors of c(20)?
2, 3
Suppose 5*o + 2*f + 2*f = 1643, 5*o = f + 1658. What are the prime factors of o?
331
Let x be (6 - 1) + (0 - 1). Let a be (-26)/(-6) + x/(-12). Suppose a*n - 26 = 30. What are the prime factors of n?
2, 7
What are the prime factors of 3438/191*(-99)/(-2)?
3, 11
Suppose -3*w + 2487 = -4*h, 10*h - 5*h - 810 = -w. List the prime factors of w.
3, 5, 11
Let m be 0/((-1)/(-2 - -3)) - 1. List the prime factors of (15/(-25))/(m/15).
3
What are the prime factors of 11744/36 - (7/(-9) - -1)?
2, 163
Let d(o) = o**3 + 12*o**2 + 12*o + 16. Let z be d(-11). Suppose -z*k = -4*q - 26, k - 14 = -4*k + q. List the prime factors of (-6)/k*-20 + -2.
2, 29
Suppose -5*r = -3*r - 10. Suppose 0 = -t + 3*t - j - 156, r*j + 306 = 4*t. Suppose t + 56 = 5*x. What are the prime factors of x?
3
Suppose 8 = 2*p - 0*p. Suppose -227 + 663 = p*b. What are the prime factors of b?
109
Let v(q) = -q**3 + 5*q + 9*q**2 - 1 + 8*q + 2. List the prime factors of v(10).
31
Suppose 0 = -3*u + 14*u - 9922. What are the prime factors of u?
2, 11, 41
Let p(f) = f**2 - 4*f. Let l be p(4). Let u be ((-12)/(-14) - l)*-7. List the prime factors of (-1 - 27)*3/u.
2, 7
Let k be (-10)/1*(-4)/8. Suppose 180 = -k*g + 455. Let y = g - 37. List the prime factors of y.
2, 3
Let d(k) = -k**3 + 9*k**2 - 10*k - 10. Suppose 4*n - 24 = 10*j - 6*j, -5*n - j + 36 = 0. List the prime factors of d(n).
2, 3
Let h = 14 + -11. Suppose -6*u - 3 = -h*u. List the prime factors of (-60)/(12/3)*u.
3, 5
Suppose -2*n = -0*z - z - 15, 4*n + 4*z = 0. Suppose -x - 432 = -n*x. What are the prime factors of x?
2, 3
Let c = -8 - -10. Suppose m + c = 2*m. Suppose -2*l = m*l - 96. List the prime factors of l.
2, 3
Let a(x) = -x**2 - 1. Let t(b) = -9*b**2 + b - 8. Let y(i) = 5*a(i) - t(i). What are the prime factors of y(-2)?
3, 7
Let n be (-2)/(-4) - (-47)/2. Let t be ((-424)/n)/(2/(-30)). Suppose 10*b = 5*b + t. What are the prime factors of b?
53
Suppose 1492 = 4*l - 956. What are the prime factors of l?
2, 3, 17
Suppose -3*k = 5*i - 48, -4*k - k = -5. Let c = 12 - i. Suppose c*r - 3 = 3. What are the prime factors of r?
2
Let s be -4 + 2/(-6)*-15. Let w be (2/s)/(34/(-391)). Let y = w + 65. List the prime factors of y.
2, 3, 7
Let p(r) = 2*r + 2. Let w(l) = -2*l - 2. Let b(f) = 5*p(f) + 4*w(f). Let h be b(0). Suppose h*s - 2 - 4 = 0. List the prime factors of s.
3
Suppose -c = -5*p + 20 - 0, 4*p - 2*c = 22. Let k be (-2 + p)*0*-1. List the prime factors of (k + 10)/(-1 + 3).
5
List the prime factors of 2/((-2)/(-561)) + (-56)/(-14).
5, 113
Let p = 18 - 29. Suppose -3*t + 206 = -5*r - 4*t, 2*t + 125 = -3*r. Let w = p - r. What are the prime factors of w?
2, 3, 5
Let w(k) = k**2 + 2*k - 1. Let x be w(-2). Let b be -2 - ((-3 - x) + 0). Suppose 4*l = -b*l + 20. List the prime factors of l.
5
Let q(x) = -9*x**3 - 3*x**2 - 7*x - 10. What are the prime factors of q(-3)?
227
Let x be (-2690)/(-25) - (-3)/(-5). Let p = x - 72. List the prime factors of p.
5, 7
Suppose 4*j - 10 = -2. Let u be (-39 + 11)*j/(-8). Let x(k) = k**3 - 8*k**2 + 10*k - 8. List the prime factors of x(u).
13
What are the prime factors of 56 + (1/(-2))/(7/(-14))?
3, 19
Suppose -6*j - 10878 = -20*j. What are the prime factors of j?
3, 7, 37
Suppose -j + 25 = 4*j. Let v(t) = -t**2 + 14*t + 4. Let z be v(13). Suppose 2*n - 3*n - j*p + z = 0, 0 = -4*n - 2*p + 68. List the prime factors of n.
17
Let x(g) = 4*g**2 + 10*g - 1. Let j be x(-5). Suppose -419 = -4*w + j. What are the prime factors of w?
3, 13
List the prime factors of (-5)/(10/2) + 312.
311
Suppose 94 = 6*d - 14. What are the prime factors of -1 + (-2856)/(-27) - (-4)/d?
3, 5, 7
Let u(l) = 2*l**3 - 4*l**2 - 6*l - 2. Let v be u(4). Suppose x - v = -5. What are the prime factors of x?
3, 11
Suppose -28*t = -4139 - 5213. List the prime factors of t.
2, 167
Let y = -3748 + 6660. What are the prime factors of y?
2, 7, 13
Let x be 152 - -26 - (-2)/1. Suppose -6 = 2*t, 2*c - 4*t + 0*t = x. What are the prime factors of c?
2, 3, 7
Suppose c + 3*n - 989 = 0, 4*c + 10*n - 3983 = 7*n. List the prime factors of c.
2, 499
What are the prime factors of 1*-6 - (-3 - -4)*-1204?
2, 599
Suppose 0 = -3*c - 3, 0*c + 7 = 2*p + 3*c. Suppose -168 = -p*i + 92. List the prime factors of i.
2, 13
Let w(m) = 6*m**3 - m**2 + 2*m - 1. Let l be 1 - (0/1 - 0). List the prime factors of w(l).
2, 3
Suppose -2*o - 23 = -4*s + o, 0 = s - 3*o - 17. Let r(m) = 25*m**2 - 1 + 0 + s + 0. What are the prime factors of r(1)?
2, 13
Let h(k) be the first derivative of -k**3/3 + 19*k**2/2 - 15*k - 6. List the prime factors of h(18).
3
Let g = -35 - -65. Let l(j) = -10*j - 8. Let w be l(-9). Let o = w - g. List the prime factors of o.
2, 13
Let k = 1 - 0. Let c be -2*3/6*4 + -9. List the prime factors of c/(-2 - (k - 2)).
13
Let l = -15 - -35. Let p(u) = -11*u**2 - 68*u - 9. Let o be p(-6). What are the prime factors of (2/o)/(l/570)?
19
List the prime factors of 142 + 0 - 29/((-5